 o - 3322 = -l*x. List the prime factors of x.
829
Suppose 31*b = -26*b + 616626. What are the prime factors of b?
2, 3, 601
Let f be (177/(-4))/((-27)/(-8) + -3). Let a(k) = -9*k**2 + 9*k + 6. Let b be a(-3). Let t = b - f. What are the prime factors of t?
2
Let h(q) = 21*q**2 - 146*q - 734. What are the prime factors of h(-46)?
2, 3, 2801
Let y = 30 - 5. Suppose 0 = 4*p - y + 17. List the prime factors of (-917)/(-4) + (p - 36/16).
229
Let o = 5684 + -3582. List the prime factors of o.
2, 1051
Let x = 75 + -48. Let t be -4*(38/(-95))/(8/165). Let d = t - x. What are the prime factors of d?
2, 3
Let y(i) = -2*i**3 + 45*i**2 - 39*i + 112. What are the prime factors of y(19)?
2, 13, 73
Let k = 51889 - 33935. What are the prime factors of k?
2, 47, 191
Suppose 576*o + 3322093 = 629*o. List the prime factors of o.
19, 3299
Let x = 2 + -2. Suppose 3*k = x, 0 = -2*h + 3*k - 2 + 6. Suppose -2*a + r + 145 = 0, 0 = 2*a + h*r + 2*r - 140. What are the prime factors of a?
2, 3
Let i be ((-30)/(-12) + (-1)/(-2))*1. Suppose 0 = 2*r + i*s - 1534, 3*r - 2094 = 4*s + 224. What are the prime factors of r?
2, 5, 7, 11
Suppose r + 9 = 5*j - 10, -5*r - 147 = j. Let a = r - -41. What are the prime factors of (-597)/a*-1 + 3/(-4)?
7
Let l = -42514 + 62931. What are the prime factors of l?
17, 1201
Let k = -49 + 52. Suppose t = -2*t - 4*x - 4, -3*t = -k*x - 24. What are the prime factors of 1/t - (-369)/12?
31
Let a = 7004 + 471. What are the prime factors of a?
5, 13, 23
Suppose 23*r + 10864 = u + 22*r, 2*r - 43420 = -4*u. List the prime factors of u.
2, 61, 89
Let a(n) be the second derivative of -7*n + 0 + n**2 - 2/3*n**4 + 1/2*n**3 - 1/20*n**5. List the prime factors of a(-9).
2, 7
Let q(c) = 18*c + 54. Let b(n) = -n + 1. Let r(l) = 3*b(l) + q(l). Let o = -207 - -216. List the prime factors of r(o).
2, 3
Suppose 92*o - 8363 = -5*q + 95*o, 0 = -3*q + 2*o + 5017. List the prime factors of q.
5, 67
Let j be 2/(-4) - 906/(-4). Let v be ((-540)/80)/(6/112). Let k = v + j. What are the prime factors of k?
2, 5
Let m(r) = r**3 + r - 1. Suppose 0 = 8*c - 2 - 6. Let p(z) = z**3 - 10*z**2 - 2*z - 6. Let q(l) = c*p(l) - 2*m(l). List the prime factors of q(-10).
2, 3
Let k(o) = -o**3 + 14*o - 11. Suppose 0 = -30*c - 248 + 68. List the prime factors of k(c).
11
Suppose -2*c + a = -15698, -a - 344 + 23911 = 3*c. List the prime factors of c.
7853
Let p = 54 + -52. Suppose 3*q - 2*d = -2*q + 263, -4*q = -p*d - 210. Suppose 0 = -5*h + 283 - q. What are the prime factors of h?
2, 23
List the prime factors of (7429/(-1292) - -2*(-1)/8) + 14315.
41, 349
Let w = 128 - 114. Let o(k) = -33 + w*k**2 - 9 - 5*k**2 - 8*k**2 - 6*k. List the prime factors of o(18).
2, 3, 29
Suppose m + 4*k = 5382 + 7687, 4*k - 12 = 0. List the prime factors of m.
11, 1187
Suppose -22 = 3*i + 11. Let u be (1 - -2) + i*1. Let f(z) = -10*z - 16. What are the prime factors of f(u)?
2
Suppose 0*b + 10 = 5*b. Suppose b*h - 1 = 1. What are the prime factors of (h - (-45 + -2))*4/6?
2
Suppose -5*m + 4 - 14 = 0. Let h(l) = -l**3 - 3*l**2 + 2. Let o be h(m). What are the prime factors of (129/(-12) + 0)/(o/16)?
2, 43
Let n(z) = -z**2 + 40*z + 33. Let l be n(-25). Let t = 3620 + l. Suppose 7*x + 6*x - t = 0. What are the prime factors of x?
2, 3, 13
Let w be 8/36 - 102/(-27). Let k be (-5)/((-4)/(-12)*-3). Suppose 0 = w*t - k*n - 130, 2*n - 96 = -3*t + 13. List the prime factors of t.
5, 7
Suppose 0 = 4*u + 16, -p - 3*u - 8 = 11. List the prime factors of 0 - (-332 - p - -2).
17, 19
Let o(f) = 303*f**3 + 3*f**2 - 1. Suppose -8*g + 10*g = 2. Let s be o(g). Let l = s + -72. What are the prime factors of l?
233
Suppose 5*t = 139 + 281. What are the prime factors of (-13548)/(-9) + (-28)/t?
5, 7, 43
Let l(d) = 14*d + 133*d - 40*d - 11*d - 11*d - 18. List the prime factors of l(6).
2, 3, 41
Let x = 2327 - -2001. Suppose 0 = 9*a - a - x. What are the prime factors of a?
541
Suppose 213675 = 5*j - 3*c, -3*j + 104685 = -4*c - 23520. What are the prime factors of j?
3, 5, 7, 11, 37
Let a = 109 + 80. Suppose a = -8*x + 61. List the prime factors of (x/6 - 0)/(4/(-216)).
2, 3
Let f(j) = 567*j**2 - 67*j + 198. List the prime factors of f(3).
2, 3, 5, 17
Let l(h) = -5*h - 104. Let i be l(-19). Let a(z) = -15*z + 12. What are the prime factors of a(i)?
3, 7
Suppose -4*k + 2*r + 55220 = 0, -126*k + 3*r = -123*k - 41403. What are the prime factors of k?
3, 4603
List the prime factors of 5/3 + ((-3810)/(-90) - 21).
23
Let z(a) = a**3 + 7*a**2 - 18*a - 4. Let l be z(-9). Let w be -1 - -5 - (3 + l). Suppose w*g = 10*g - 695. List the prime factors of g.
139
Let o = -32643 + 54510. What are the prime factors of o?
3, 37, 197
Let s = 546 - 544. Suppose a - 417 = 4*g + 491, s*a + 4*g = 1768. List the prime factors of a.
2, 223
Let q(w) = -2*w + 75. Let v be q(-15). List the prime factors of (-90)/(-4) + v/42.
5
Let j = 8375 + 1750. List the prime factors of j.
3, 5
Suppose 10 = -76*h + 81*h. Suppose -h*u = 4*b - 1168, 3*b = 22 - 7. What are the prime factors of u?
2, 7, 41
Let a = 16906 + -5994. List the prime factors of a.
2, 11, 31
Let p = 1020 - 492. Suppose -2*v + p = v - 3*t, -4 = -4*t. What are the prime factors of v?
3, 59
Suppose 4*h - 6*z - 110334 = 0, 3*h - 37874 = -3*z + 44914. List the prime factors of h.
3, 17, 541
Let j(n) = 2*n**2 - 13*n - 8. Let c be j(7). Let g be (212/(-8) + 2/(-4))*c. What are the prime factors of g - (65/(-25) - 4/10)?
2, 3, 5
Let t(m) = -3*m**3 - m**2 + 6*m - 1. Let j(h) = -209*h**2 - 9*h**3 + 205*h**2 - 2 + 17*h + 0*h**3. Let p(i) = -3*j(i) + 8*t(i). List the prime factors of p(3).
2, 53
Suppose 1972 = -0*y + 2*y. Let k(c) = -2*c**2 + 14*c - 17. Let w be k(5). Suppose -6*o = -o - w*h - y, 5*o - 1001 = -2*h. List the prime factors of o.
199
Suppose -i + 4*k - 34428 = -4*i, -22912 = -2*i + 4*k. List the prime factors of i.
2, 47, 61
Suppose 3*m - 5 = 15*p - 16*p, -4*m + 4 = 0. Suppose p*g - q - 258 - 861 = 0, -2*g + 1121 = -3*q. What are the prime factors of g?
13, 43
Let y = -34157 - -47829. List the prime factors of y.
2, 1709
Suppose -20 = 5*s, -57*d = -59*d + 3*s + 60812. List the prime factors of d.
2, 5, 19
Suppose -3*g = 4*g - 2625. Let t = g - 181. What are the prime factors of t?
2, 97
Let p be 4740/(-66) - 2/66*6. What are the prime factors of (-108)/p*1792/6?
2, 7
Let t(v) = -v**2 - 34*v + 6. Let w be t(-22). Let k = 521 - w. What are the prime factors of k?
251
Let q(v) = 43*v - 7. Suppose -h + 1 = 0, 0 = -0*d - 3*d + 2*h - 8. Let b be 2/(d - 32/(-14)) - 3. What are the prime factors of q(b)?
3, 5, 11
Let m(c) = 21*c + 9. Let s be m(8). Suppose 0 = u - s + 61. Suppose 54 = 5*f - u. What are the prime factors of f?
2, 17
Let q = 25120 - 7685. List the prime factors of q.
5, 11, 317
Let j be -27*2/(-18)*-5*1. Let q(a) be the first derivative of -5*a**2/2 - 46*a + 1. List the prime factors of q(j).
29
Let q(d) = 16*d**3 - 2*d**2 + 3*d - 1. Let j(g) = 3*g + 32. Let x = 99 - 109. Let a be j(x). List the prime factors of q(a).
5
Suppose 219 - 65 = 7*y. Suppose -12 = 16*f - y*f. Suppose -5*w = -3*q + 389, -3*q + f*w = -w - 381. What are the prime factors of q?
3, 41
Suppose 258797 - 89397 = -62*k + 1670792. What are the prime factors of k?
2, 3, 1009
Suppose 14*x - 196809 - 120683 = 0. What are the prime factors of x?
2, 17, 23, 29
Suppose -9*y + 8*y + 101 = 0. Let i = 64 + y. Let v = i + -4. List the prime factors of v.
7, 23
Let t(n) be the second derivative of n**6/48 + 7*n**5/60 + 11*n**4/12 + 10*n. Let d(c) be the third derivative of t(c). List the prime factors of d(7).
7, 17
Let a(b) = 2*b**3 + 82*b**2 - 86*b - 238. What are the prime factors of a(-35)?
2, 3, 7, 13
Suppose 3*s + 463 = 4*n, 0*n + 5*s - 87 = -n. Let l = -83 + 127. Let x = l + n. List the prime factors of x.
2, 3, 13
Suppose -m + m = m. Let q(c) = 8*c**2 + 2*c + 142. What are the prime factors of q(m)?
2, 71
Let r(i) = -29*i - 14. Let v be r(-7). Suppose 11*d - v = 2*d. What are the prime factors of 187/8 + d/(-56)?
23
Let b = 10496 - 6910. List the prime factors of b.
2, 11, 163
Suppose -344*z + 7448 = -336*z. Suppose 7*o + z = 4613. What are the prime factors of o?
2, 263
Let g(y) = -2507*y - 12959. What are the prime factors of g(-30)?
7, 8893
Suppose -126 = 182*j - 179*j. Let v = j + 257. What are the prime factors of